 = 4*j. What is the greatest common divisor of 99 and c?
9
Let c be (-396)/(-2) + 1 + -1. Let l be (c/(-5))/((-3)/15). What is the greatest common divisor of l and 18?
18
Let c = 57 - 49. Let w(q) = -q**2 - 3*q**3 + 6*q**3 + 10*q**3. Let v be w(1). What is the greatest common factor of v and c?
4
Let q(c) = 2*c**2 + c. Let k be q(-1). Suppose 0 = -v + k + 2. What is the highest common factor of v and 24?
3
Let z be 1 + 2*(-1)/2. Suppose z = 2*u - 6. Suppose 2*k = u*k - 2. What is the highest common factor of 10 and k?
2
Suppose -5*s = -25, 4*c - s = 2*c - 23. Let l be c/12*(-32)/12. What is the greatest common divisor of 22 and l?
2
Let s(r) = 3*r - 3. Let q(h) = h - 1. Let v(z) = 2*q(z) - s(z). Let m be v(-4). Let u = -24 - -34. Calculate the highest common factor of u and m.
5
Let d(m) = -2*m + 1. Let h be d(-1). Suppose 5*v - 2*k = -0*k, -4*k = v. Suppose -l + h*l - 68 = v. What is the greatest common divisor of 17 and l?
17
Let y(p) = 2*p**2 + 2*p + 9. Let n be y(-5). What is the greatest common factor of n and 196?
49
Let h be ((-4)/(-2))/((-8)/(-1812)). Suppose 4*m - h + 117 = 0. What is the highest common factor of m and 12?
12
Suppose 3*p + 3*a = 42, 3*p = -2*a + 36 + 8. Suppose 54 = 3*x - 426. What is the greatest common divisor of p and x?
16
Let h = 34 - 24. Let r be 12*2*9*(-120)/(-324). Calculate the highest common divisor of h and r.
10
Let o(j) = -j + 3. Let v be o(0). Let p = 1 + v. Calculate the greatest common divisor of 40 and p.
4
Let s(o) = o**2 - 3*o - 7. Let c be s(6). Let x be (-2)/6 - (-380)/15. Let b = x - -63. What is the greatest common divisor of b and c?
11
Suppose -8 = 2*o + 2*c + 3*c, -9 = -3*o + 3*c. Let j(g) = 2*g**2 + g - 6. Let y be j(-3). Calculate the greatest common factor of o and y.
1
Let o = 13 - 1. Suppose 3*c = 7*c - o. Let a(q) = 28*q**2 - 1. Let p be a(1). Calculate the greatest common factor of p and c.
3
Let p = 61 - -51. Let s be -1 - (-10)/(-2)*-13. Suppose 3*a - h - 39 = 0, 2*h = 4*a + 14 - s. Calculate the highest common divisor of a and p.
14
Suppose -5*g - 3*c + 5*c = -120, c = g - 21. Suppose 44 + g = 5*l. Let p = 24 - l. What is the highest common divisor of p and 50?
10
Let r = 12 - 9. Calculate the greatest common factor of 27 and r.
3
Suppose 2*m = 4*j + 30, 0*m = 2*m + j - 5. Suppose -3*y = 2*d + 8, 0 = 4*d - 3*y - 25 + m. Calculate the highest common divisor of d and 2.
2
Let v be (-8)/3*(-45)/(-10). Let y be (-118)/(-12) + (-2)/v. What is the highest common factor of y and 80?
10
Let x be (-2*3)/((-3)/2). Suppose -p - 51 = -4*c, 58 + 14 = 5*c - x*p. Calculate the highest common divisor of 4 and c.
4
Let k(l) = 6*l**2 + 2*l. Let o be k(-2). Let z be 5/(19/(-20) - -1). Calculate the greatest common factor of z and o.
20
Suppose -t - 32 = 3*t. Let f(o) = o**2 + 6*o - 3. Let y be f(t). Let g = y + -1. What is the greatest common divisor of g and 18?
6
Suppose -2*u + 61 = u - 4*y, 5*u = y + 79. Let w(v) = -284*v + 1. Let h be w(1). Let a = -118 - h. Calculate the greatest common factor of a and u.
15
Suppose 5*m + 958 = 2683. Suppose 7*u = 2*u + m. What is the greatest common divisor of u and 46?
23
Let g(l) = -l**2 + 13*l + 15. Let y be g(14). Let w(c) = 21*c**3 + c**2 - 1. Let m be w(y). Calculate the highest common factor of m and 3.
3
Let a be ((-12)/(-27))/2 + (-574)/(-9). What is the greatest common factor of 160 and a?
32
Let v = -7 + 7. Suppose v = f - 3*f + 24. Calculate the greatest common divisor of f and 18.
6
Let h(p) = 4*p - 2. Let v be h(2). Let r(x) = 3*x - 7. Let s be r(5). Let a = s - 4. Calculate the greatest common divisor of a and v.
2
Suppose 111 = 6*t - 213. What is the greatest common divisor of t and 81?
27
Let d = -12 + 16. Suppose -29 = -d*w + 19. Suppose 0 = 5*h - 2*n + n - 35, -37 = -2*h + 5*n. What is the greatest common factor of h and w?
6
Suppose 3*b + b = -4. Let u be 2 + b + 5/5. Suppose -2 = u*h - 12. Calculate the highest common divisor of 35 and h.
5
Suppose -16*s + 663 + 89 = 0. Calculate the highest common factor of 235 and s.
47
Suppose -15*y - 210 = -18*y. Calculate the highest common factor of y and 28.
14
Let s = 2 + 4. Let g = s - 3. Let q = -13 + 28. What is the greatest common divisor of g and q?
3
Suppose 3*c + 1 = -2*u, -5*c - 9 - 6 = 5*u. Let i be ((-14)/u)/((-1)/(-4)). Let w = 20 + -13. What is the highest common factor of w and i?
7
Let r(f) = f**2 - 3*f - 2. Let k be r(7). Calculate the highest common factor of k and 91.
13
Let n = 193 - 176. Calculate the greatest common divisor of n and 153.
17
Suppose 8 = 4*x, 5*x + 6 + 2 = 2*k. Let b be 186/(-4)*(-6)/k. Suppose b + 9 = 5*h. What is the highest common divisor of 40 and h?
8
Let h(k) = 3*k**2 + 3*k - 4. Suppose -3*l + 2*l = 4. Let o be h(l). What is the greatest common factor of 4 and o?
4
Let a be ((-1)/(-1))/(-1) + 6. Suppose 2*c - 23 - a = 0. Let p(m) = m**2 - m + 56. Let n be p(0). What is the greatest common factor of c and n?
14
Let x be (-2114)/(-3) - 1/(-3). Suppose -5*m = 8*o - 3*o - x, 4*m = 5*o + 519. Calculate the highest common factor of m and 17.
17
Let m(a) = -5*a**3 + 2*a - 1. Let v be m(1). Let y be v*((-27)/3)/3. What is the highest common divisor of 3 and y?
3
Suppose -4*s = -w - 14, -6*w - 6 = -4*s - w. What is the greatest common factor of s and 8?
4
Let m be (-1)/(-4)*-2*44. Let x = 54 + m. Let s(i) = i**2 - i - 4. Let o be s(-4). What is the highest common factor of o and x?
16
Let g(n) = -n**3 + n**2 + 4*n + 5. Let k be g(-2). Calculate the greatest common divisor of 9 and k.
9
Let u be 6/15 - 352/(-20). Calculate the greatest common divisor of 162 and u.
18
Let a = 29 + 18. Suppose -3*u + 5*b = -2*u - a, 5*u - 147 = 3*b. Suppose u - 111 = -4*x. What is the highest common divisor of 63 and x?
21
Suppose 2*n + 2*u + 3*u = 11, -2*n = -2*u - 4. Let g be (90/(-25))/(n/(-10)). Let l = 28 + g. What is the greatest common factor of l and 16?
8
Let r(v) = 2*v**2 + 23*v + 5. Let j be r(-11). Suppose 16 = 2*m + 2*m. Let q be (-2)/m + (-147)/j. What is the greatest common factor of 6 and q?
6
Let o(s) = s**2 - 8*s - 9. Suppose -b = 4 - 13. Let p be o(b). Suppose p*n - 4*n = -128. What is the greatest common factor of n and 16?
16
Let v(d) = d - 2. Let s be v(10). Calculate the greatest common divisor of s and 152.
8
Let t be (-2)/6 - 211/(-3). Let n = -37 + t. What is the greatest common factor of n and 11?
11
Let j = -3 - -25. Calculate the highest common divisor of j and 88.
22
Suppose 96 = 10*a - 4*a. What is the highest common divisor of a and 48?
16
Let p = 3 + -5. Let o be 92/20 + p/(-5). What is the greatest common divisor of o and 15?
5
Let i = 9 - 7. Calculate the highest common factor of 3 and i.
1
Suppose -i = -2, 176 = -2*p - 0*p - 3*i. Let a = -61 - p. Calculate the greatest common divisor of 75 and a.
15
Let j(k) = -k + 10. Let d be j(8). Suppose -2*m + 125 = -r, -r - d*r = 4*m - 255. Calculate the highest common divisor of m and 7.
7
Let a(s) = -18*s - 1. Let h be a(4). Let r(d) = -4*d**3 - d. Let k be r(-3). Let n = k + h. What is the greatest common factor of n and 19?
19
Let z = -63 - -91. Suppose -10 + 36 = i. Suppose -3*g + i = 5. Calculate the greatest common divisor of g and z.
7
Let h be 59 - 0 - 2/2. Calculate the greatest common factor of 87 and h.
29
Let o = -4 + 8. Let n(z) = -z**2 + 5*z + 2. Let y be n(5). Let t be 3*6*y/9. What is the greatest common divisor of t and o?
4
Let y = 6 - -1. Let t be (3 - y)/4*-30. Calculate the highest common factor of 15 and t.
15
Let b = 43 - 13. Let c = -15 + b. Let n(h) = 4*h + 27. Let q be n(-6). What is the greatest common divisor of c and q?
3
Let v(n) = n**2 - n + 5. Let j be v(-3). Calculate the highest common factor of j and 187.
17
Suppose -2*f - 32 = -4*f. Let g = 7 - 3. Suppose g*o - 19 = 301. Calculate the greatest common divisor of f and o.
16
Suppose 3*n - 25 = 29. Calculate the greatest common factor of 27 and n.
9
Let q(p) = -185*p + 2. Let h be q(-1). What is the highest common factor of 17 and h?
17
Let v = -27 - -12. Let u be ((-4)/(-6))/((-2)/v). Let c = 20 - u. Calculate the highest common divisor of 135 and c.
15
Let y = -9 - -15. What is the greatest common factor of 6 and y?
6
Suppose 2 + 13 = 5*u. Calculate the highest common factor of 12 and u.
3
Let p(o) = o**3 + 11*o**2 + 8*o +